 - 0*r, 0 = 3*n - 2*r. Suppose -3*z = -5*m - 8088, n = -4*z + 6*z + 4*m - 5414. Is z a composite number?
True
Let d(b) be the first derivative of b**3/3 - 11*b**2/2 + 17*b + 26. Let l be d(9). Is ((-2)/4)/(l - 2451/(-2454)) a composite number?
False
Let y = -11536 - -6711. Let l be y/(-10)*(2 + 0). Suppose -977 = -c - n, 6*c - 2*n - l = 5*c. Is c composite?
True
Suppose -576405 = -9*z - 36*z. Let t = -7546 + z. Is t prime?
False
Let q = -43504 + 153623. Is q a composite number?
False
Let d be (-8)/6*61932/(-8). Suppose 4*g = 3930 + d. Is g composite?
True
Let p(z) = 13*z**2 - 35*z + 55. Let s(l) = -l**3 + 15*l**2 - 19*l + 51. Let m be s(14). Is p(m) composite?
False
Let n = 515523 - 242962. Suppose -39*p + n = -22*p. Is p composite?
False
Let v(p) = -1310*p + 59. Let k = 22 - 25. Is v(k) a composite number?
False
Let x = -44379 - -62708. Is x a composite number?
False
Let f = -48204 + 81733. Is f composite?
False
Let k = -4056 + 10063. Suppose -7*c + k + 13362 = 0. Is c a composite number?
False
Suppose -4*b - 77 = -85. Suppose b*c = 5*d - 6, 0*d = 5*d - 20. Let f(r) = 43*r**2 + 4. Is f(c) a composite number?
False
Suppose -194769 = -28*r + 9*r. Suppose 6*y = r + 6915. Is y a prime number?
True
Suppose -1455 = -3*v + 2775. Let u = -617 + v. Suppose 3*z - 1221 = 3*t, u = 3*z - 5*t - 436. Is z prime?
False
Let s(y) = 4*y**2 - 8*y + 8. Let l be s(1). Is 119 + -7 + 11 + l a composite number?
False
Suppose -67*g - 9044295 = -77*g - 29*g. Is g prime?
False
Let u(a) = -a**2 - 22*a + 45. Let r be u(-24). Is 2634 + -4 + 2 + r a prime number?
False
Let p = 36 + -2. Suppose 0 = 29*k - p*k - 5. Let r(m) = 293*m**2 + m + 1. Is r(k) a composite number?
False
Let d(q) be the third derivative of 53*q**4/2 - 71*q**3/6 - q**2 - 4*q. Is d(5) a composite number?
False
Suppose 0 = -5*n + n - 2*k + 279438, -3 = 3*k. Suppose 4*b - u - n = 0, 77225 = 3*b - 4*u + 24830. Suppose -37*l + 30*l = -b. Is l a composite number?
True
Suppose 0 = -99*n - 40*n + 61021417. Is n a composite number?
True
Suppose h - 3*i - 8 + 0 = 0, i = -3*h + 4. Suppose -2270 = -h*m - 882. Is m a prime number?
False
Is 1298937/27 + (-2 - 7 - (-83)/9) a prime number?
True
Let t(b) = 0 - 1 + 117*b + 13*b. Let c be t(7). Suppose c = 4*l - 5*m, 0*l - 4*m = -2*l + 456. Is l a prime number?
False
Let t = 29 + -25. Is (t - 6) + -1 + 3112 composite?
False
Let v(c) = -c**2 + 8*c - 9. Let d be v(4). Let o(y) = y - 9. Let z be o(d). Is -4 + 525/(z - -3) a composite number?
False
Let g(n) = 92*n - 99. Let a be g(8). Suppose -1524 + a = -l. Is l a prime number?
True
Let p(f) = 3*f - f - 3*f - 2 + 2*f. Let g be p(2). Suppose 0 = -g*r + 5*r - 3685. Is r prime?
False
Suppose 0 = 2*d - t - 77285, 2*d - 77284 = -0*d + 2*t. Suppose -6709 = -8*u + d. Is u a prime number?
True
Let g(y) = -y**3 - 12*y**2 - 6*y + 18. Let x be g(11). Let c = -1146 - x. Is c a composite number?
True
Let x(l) = 4*l - 7. Let y be x(-15). Let o = y + 150. Suppose 82*k - o*k + 1687 = 0. Is k composite?
True
Suppose 3*z - 2 = -5*u, -4*u - 11 = -2*z + 5. Suppose -4*v + 4*b + 1208 = 0, 4*v + 2*b = z*b + 1202. Is v a composite number?
True
Suppose 0 = -3*l + 25 - 7, -2*g = -l - 599300. Is g a composite number?
False
Let y be 2/14 + 108/28. Suppose -3342 = -4*u + 2*x, 4170 = 5*u - 8*x + y*x. Is u a prime number?
False
Suppose -92 = -4*g + 8*g. Is 2 + 2814 - (g + 20) prime?
True
Suppose 3*g - 5*g + 3*d + 259 = 0, 5*d = g - 133. Is 32/g + (-1003)/(-4) prime?
True
Suppose -1150*f + 863*f + 23580781 = 0. Is f composite?
False
Suppose -3*p = -10*p + 21. Suppose -792 = -5*c - p*c. Suppose -5*a = -4*v - 390, -3*a - 5*v = -4*a + c. Is a prime?
False
Let k(f) = 8*f - 12. Let p be k(4). Suppose -5*r - 3*c = -p, 5 = r - c + 1. Suppose -2*j + r*v + 2094 = 3*v, -v = -j + 1045. Is j composite?
False
Is (-40)/2 - (-226944 + 233) a prime number?
True
Let j(z) = -25*z - 63. Let h be j(-18). Let t = 502 + h. Is t prime?
False
Suppose 0 = 5*u + s + 1001, -s - 3*s = -16. Let c = u - -555. Is (11/(-2))/((-3)/c) prime?
False
Let u(s) = s - 4. Let x be u(-4). Let v be (-60)/x*5/((-5)/(-234632)). Is 2/9 + (v/(-54))/(-10) composite?
False
Suppose -v - 3*v = -i - 95, -117 = -5*v + 3*i. Suppose -29*n + 14155 = -v*n. Suppose 2*b = 4*o + 1422, -4*b - o - 4*o = -n. Is b prime?
True
Let c(x) = x**2 - 7*x + 10. Let z be c(4). Let g(h) = -5311*h - 5. Let r(t) = 1770*t + 2. Let u(o) = 3*g(o) + 8*r(o). Is u(z) a composite number?
False
Let a = 9800 - -15821. Is a a prime number?
True
Let b = 48 - 47. Let f be b*2*(5 - (-14345)/10). Is -1 + f/4 - 3/(-12) composite?
False
Let o(i) = -i**2 + 10*i + 17. Let k be o(10). Let p(l) = -6*l**2 - 4*l + 8 - 8*l - 8*l**3 - k. Is p(-5) a prime number?
False
Let w = 783395 + -549498. Is w prime?
False
Suppose 2*f - 13 - 3 = 4*z, -f + z = -11. Suppose 9*x - f*x = -20. Suppose -3*d = -x*d + 163. Is d a composite number?
False
Let v be ((-12)/(-18))/((-78)/(-72) - 1). Is 94085/3 + (-3)/36*v a prime number?
False
Suppose 0 = -6*x + x - 3*f + 4, x + 3*f + 4 = 0. Suppose -5*q = -x*q. Suppose -h + 0*h + 185 = q. Is h a composite number?
True
Suppose 791 = -5*p + g, 270 = -3*p - 2*g - 215. Let x = p + 524. Is x a composite number?
True
Let m(s) = 17*s**3 + 9*s**2 + 35*s + 27. Is m(8) a prime number?
True
Let s(r) = 388*r**2 + 19*r - 30. Let b(w) = w**2 - w - 1. Let a(h) = 4*b(h) + s(h). Is a(-9) a prime number?
True
Let r = 7395 + -4060. Suppose 11*f - 2418 = r. Suppose i - 4*n - f = 0, 1842 = 5*i - 4*n - 789. Is i prime?
False
Let l(d) = 32610*d - 1657. Is l(6) prime?
True
Suppose t + 0*t - 3*v - 5420 = 0, 5*v - 16330 = -3*t. Suppose -6*b = -t + 1889. Is b a composite number?
True
Suppose 51492 = -16*b + 1175636. Is b prime?
False
Suppose -4*q + 3*h + 101 = 0, 2*q = -4*h - 0*h + 56. Let i = q - 24. Suppose -i*p - 5305 = -7*p. Is p prime?
True
Suppose -3*y = 2*x + 5 - 2, y - 3*x + 1 = 0. Let k(j) = -29*j**2 - 1. Let w be k(y). Let h = w - -61. Is h a composite number?
False
Let c = -450695 - -648634. Is c composite?
True
Suppose 9*y - 11157 = 177816. Suppose 3*g = -3*z + y, -7*g + 2*z = -3*g - 27966. Suppose -8*f + 2710 + g = 0. Is f composite?
False
Suppose -4*f + 3*f - 300 = 0. Let g = 447 + f. Is g/(-6)*-14 - -4 a composite number?
False
Suppose -4*u + 5*l = -71, -3*u + 0*l = 4*l - 30. Let s(i) = 21*i**2 + 6*i + 47. Is s(u) a prime number?
False
Suppose 3*l - 128 = 2*n, 79 = 2*l + 5*n - 0*n. Is 397694/l - 2/(-21) a composite number?
True
Suppose -34*v - 74*v = 23*v - 2821871. Is v a prime number?
False
Let g = -72 + 209. Let m = 1949 - g. Let v = m + -1199. Is v a prime number?
True
Suppose 5*j + 14 + 6 = 0, 0 = -3*m - 2*j + 146452. Suppose 171*y + m = 175*y. Is y a composite number?
True
Let c(q) = q - 9. Let o be c(5). Let b be ((-3)/6)/(2/1324). Is -1 - o - 1/1*b a composite number?
True
Let r = 6030 + -3853. Let y = r + -887. Is 4*((-4)/(-1) + y/4) a prime number?
False
Let q(z) = 5*z - 30. Let p be q(12). Suppose -13558 = -32*w + p*w. Is w composite?
False
Suppose 245*n - 1749882 = 239*n. Is n a composite number?
False
Let h be 6 + (-69)/12 + (-17)/68. Let r = 20 + -14. Suppose 0 = 3*i + 3*k - r*k - 5916, h = -4*i + 5*k + 7887. Is i prime?
True
Suppose 2*w - 10 = -4*q - 0*q, 5*q - 20 = -w. Is (-17 - (-19 + q)) + 6455*4 composite?
True
Suppose -4*d = -d - 3066. Let t(l) = -2*l**2 - 84*l + 165. Let x be t(-48). Let u = d + x. Is u prime?
False
Let h(q) = -4108*q - 367. Is h(-6) a composite number?
False
Let d(y) = -2716*y**2 + y + 3. Let o be d(-11). Let l be (-4)/14 + o/(-28). Suppose 4*k + 7*k - l = 0. Is k prime?
False
Let a(d) = -3156*d + 97. Suppose -5 = -8*x + 9*x. Is a(x) composite?
False
Suppose -14 = -16*z + 18. Is 794520/168 + z/(-7) prime?
True
Is (-246590)/15*(-72)/16 a composite number?
True
Suppose 0*g - 28200 = 3*g. Let a be ((-12)/10)/(12/g). Suppose -a = -4*p + 2*o, -p - 2*o + 705 = 2*p. Is p a composite number?
True
Suppose 5*p + 2*k - 91 = 3*k, -4*p = -5*k - 56. Let h(u) = 39*u - 40. Is h(p) composite?
False
Let i(z) be the second derivative of 739*z**6/360 - 7*z**5/120 + 13*z**4/6 + 12*z. Let f(j) be the third derivative of i(j). Is f(1) a prime number?
True
Let v(a) = 99*a**2 + 524*a + 85. Is v(-28) a composite number?
False
Is 17 - -2*(6 + 44077) prime?
False
Suppose 3*n = 2*z - 3, 3*n - n - 3 = 3*z. Let d(q) be the seco